der when c is divided by 26?
13
Let h = -13 + 16. Suppose -h*x - 28 = -o, -x - 2 = -0*x. What is the remainder when o is divided by 8?
6
Suppose -65 = -5*b + 295. Suppose 0 = -u - 3*u + b. Suppose -36 = -z + 17. Calculate the remainder when z is divided by u.
17
Let z be ((-5)/(-4))/(4/80). Suppose 0*x = x - z. Suppose -5*v + v = -56. What is the remainder when x is divided by v?
11
Let s(h) = -4*h - 10. Suppose -5*v + 4*v = 7. Let n be s(v). Let j = n - 2. Calculate the remainder when 44 is divided by j.
12
Let c(x) = x**3 - 3*x**2 + 2*x. Suppose -20 + 0 = -5*f. Calculate the remainder when 118 is divided by c(f).
22
Let c = -18 + 15. What is the remainder when 111 is divided by (-3 - -1)*42/c?
27
What is the remainder when (-2038)/(-12) - (-235)/1410 is divided by ((-1)/2)/(1/(-86))?
41
Let q(y) = -9*y**2 - y. Let k be q(1). Let d = k + 22. What is the remainder when d is divided by 7?
5
Let n be (-35)/(-5) + (-3 - 0). Calculate the remainder when 19 is divided by n - ((-128)/4)/4.
7
What is the remainder when 161 is divided by -3 + 2/6*(-945)/(-15)?
17
Suppose -2*w = 2*w - 188. Suppose -1 + 8 = k. Calculate the remainder when w is divided by k.
5
Let y(t) = -t**2 + 18*t - 40. Let p be y(13). Suppose 5*h - p = 0, 3*a - 4*h = -a + 564. Calculate the remainder when a is divided by 37.
35
Suppose -34 = -2*w + 5*p, 2*w + 2*w - 2*p - 52 = 0. Calculate the remainder when 23 is divided by w.
11
Let g = -34 - -58. Let o(r) = -3*r - 38. Suppose -2*t - 38 = -h, -t + 2*h = -5*t - 60. Calculate the remainder when g is divided by o(t).
11
Let b = 7345 - 7278. Let o = -32 - -50. What is the remainder when b is divided by o?
13
What is the remainder when (-10 + 3 - 291)*(0 - 1) is divided by 38?
32
Let r = -1744 + 1816. Suppose 26 = v - 29. Let d = v - 36. What is the remainder when r is divided by d?
15
Let g = -827 + 852. What is the remainder when 323 is divided by g?
23
Let s = 448 - 432. Calculate the remainder when 108 is divided by s.
12
Let x(j) = j + 12. Let i be x(-9). Suppose 5*k - 5*u = -3*u + 114, 62 = i*k + 2*u. What is the remainder when 107 is divided by k?
19
Let m(a) = -a**2 - 10*a + 2. Let n be m(-12). Let i = -13 - n. Calculate the remainder when i is divided by 44/286 - 50/(-13).
1
Suppose 572 + 368 = 20*r. Calculate the remainder when 195 is divided by r.
7
Let h(f) = 46*f**3 + f**2 - 2*f + 1. Let q(a) = a**3 - 7*a**2 - 9*a + 20. What is the remainder when h(1) is divided by q(8)?
10
Suppose 0*u + 1056 = 11*u. What is the remainder when u is divided by 33?
30
What is the remainder when 117 is divided by (4/5)/((-9)/((-1485)/11))?
9
Calculate the remainder when (30/8)/(225/2100) is divided by 8.
3
Let k(w) = w**3 - 6*w**2 + 6*w + 17. Suppose 3*i - 17 = -r, -7*i = -4*i - r - 13. Calculate the remainder when 83 is divided by k(i).
17
Let v(q) = 122*q - 241. What is the remainder when v(6) is divided by 31?
26
Let m = -408 - -428. Let v be (0 - 1)*-31 - -1. Let w = v - m. What is the remainder when 35 is divided by w?
11
Suppose 3*r - 1546 = -c + 208, -5*r + 2890 = -5*c. Calculate the remainder when r is divided by 9.
7
Suppose 0 = 17*f - f - 64. Calculate the remainder when 107 is divided by f.
3
Suppose 0 = a - 5*k, -1 = 3*k - 4. Suppose -8*v = -a*v - 39. Calculate the remainder when 64 is divided by v.
12
Suppose -30*j = -25*j - 5. Suppose 3*b = 3*p - 9, 2*b + b + j = p. Calculate the remainder when 11 is divided by p.
3
Let b(d) be the first derivative of d**4/4 - 5*d**3/3 + 3*d**2/2 - 4*d + 3. Calculate the remainder when 47 + -4 - (-2)/(-2) is divided by b(5).
9
Suppose -4*y + r + 58 = 0, 4*y = 2*r + 32 + 28. Suppose y*a + 69 = 17*a. Calculate the remainder when a is divided by 13.
10
Let t = 467 - 378. Let b = 73 + -120. Calculate the remainder when t is divided by (-1)/2 + b/(-2).
20
Let c = -37 - -66. Let x = c - 18. What is the remainder when ((0 - x)*1)/(-1) is divided by 6?
5
Suppose 0 = 48*r - 2595 - 429. Calculate the remainder when 184 is divided by r.
58
Suppose 0*f = -7*f + 721. Let d = 12 + -15. What is the remainder when f is divided by d/9 - 553/(-21)?
25
Suppose 0 = 3*b - 4 - 17. Let y be (-2 + 7)*2/8*4. Let l = b - y. What is the remainder when 2 is divided by l?
0
Let x(h) = h**3 + 8*h**2 - 3*h + 5. Suppose 2 = m + 10. What is the remainder when -1 + 834/15 + (-2)/(-5) is divided by x(m)?
26
Suppose 0 = q - 4*n - 18, q + 4*n + 5 = 7. Calculate the remainder when 177 is divided by q.
7
What is the remainder when ((-270)/25)/(2/(-20)) is divided by 11?
9
Let a = -2394 - -2490. What is the remainder when 377 is divided by a?
89
Suppose 5*g + 65 = 5*j, 5*j - 73 = -2*g + 3*g. What is the remainder when (-5)/1 + 1 + (-390)/(-10) is divided by j?
5
Suppose -22 = -2*y - c, 15*y - 10 = 14*y - c. Suppose 5*q = s + 25, 2*s + 0 = -4*q + 20. What is the remainder when y is divided by q?
2
Let m(c) = -76*c - 375. Calculate the remainder when m(-6) is divided by 13.
3
Let x(f) be the third derivative of f**5/60 - f**4/6 - 11*f**3/6 - 11*f**2. Calculate the remainder when x(10) is divided by 10.
9
What is the remainder when 403 is divided by ((-486)/(-30))/((-18)/(-30))?
25
Let x = 3 + 0. Let a(b) be the second derivative of b**5/10 + b**4/4 - b**3 + 7*b**2/2 + 19*b. What is the remainder when a(x) is divided by 18?
16
Let c(x) = -x**3 + 3*x**2 - x + 6. Calculate the remainder when c(-6) is divided by 70.
56
Suppose 150*s - 38*s = 24752. What is the remainder when s is divided by 3?
2
Suppose 3*n - 74 - 121 = 0. Let c = 43 - 9. Calculate the remainder when n is divided by c.
31
Let z(y) = -y**2 - 28*y - 18. What is the remainder when 62 is divided by z(-27)?
8
Let g = -68 + -28. Let n = g + 97. What is the remainder when (-18)/(-8) + 2/(-8) is divided by n?
0
Let n(y) = -19*y - 1. Suppose -28 = -2*w - 2*l, w - 2*l - 18 = l. Suppose a - w = 37. What is the remainder when a is divided by n(-1)?
16
Suppose 13*d - 28*d + 300 = 0. Suppose 0 = -2*n + 7*n - 25. Suppose -f + n*w = -12, -5*w - 1 + 137 = 3*f. What is the remainder when f is divided by d?
17
Suppose -5*u + 4*j + 365 = 0, 0 = 3*u - 113*j + 110*j - 216. Calculate the remainder when 267 is divided by u.
36
Let x = 77 - 30. Let n(j) be the second derivative of j**4/4 - 3*j**3 + 2*j**2 + 2*j. Calculate the remainder when x is divided by n(7).
22
What is the remainder when (-1)/6 + (-86260)/(-456) is divided by 28?
21
Let s(i) = 82*i + 1. Suppose -5*f + 0*v - 2*v = -111, -15 = -5*v. What is the remainder when s(1) is divided by f?
20
Let c = 2770 - 1972. Suppose c = 16*k - 322. Calculate the remainder when k is divided by 24.
22
Let j(p) = 6*p + 59. Suppose 3*w + 8*w - 1276 = 0. What is the remainder when w is divided by j(-7)?
14
Let q(u) = 7*u**2 + 4*u + 340. What is the remainder when q(0) is divided by 89?
73
Suppose 0 = 5*s + 55*h - 54*h - 423, 2*s - 153 = 5*h. What is the remainder when s is divided by 26?
6
Suppose -244 = -4*k + 3*z - 7*z, -k + 69 = -z. Calculate the remainder when k is divided by 11.
10
Suppose -j = 3, 3*o + 3*j - 77 - 106 = 0. What is the remainder when o is divided by 64?
0
Calculate the remainder when 6 - (-5 + -72 + (7 - 10)) is divided by 3.
2
Suppose 19*n + 931 - 3363 = 0. Calculate the remainder when n is divided by 17.
9
Suppose -32*r - 1297 = -3921. Calculate the remainder when 655 is divided by r.
81
Let s be 97 - 0*4/(-8). Let q = s + -46. Calculate the remainder when q is divided by 26.
25
Suppose 0*f + 3*f = 2*b + 39, -4*b - 53 = -f. Suppose -6*l + 106 = 5*c - 4*l, -4*c + l = -90. Calculate the remainder when (-317)/(-5) + b/30 is divided by c.
19
Let b(d) = -d + 1. Let q(n) = 21*n - 35. Let c(w) = -4*b(w) - q(w). What is the remainder when c(-3) is divided by 28?
26
Let r(o) = 2*o + 8. Suppose 45 = -0*q + 5*q. Let j be r(q). Suppose 0 = 4*s + 6 - j. What is the remainder when s is divided by 3?
2
Let x(b) = -b**3 - 3*b**2 - 5*b + 27. What is the remainder when 212 is divided by x(-5)?
8
Suppose 87*y - 2129 = 27886. Calculate the remainder when y is divided by 36.
21
Let r(t) = t**3 + 9*t**2 - t - 5. Let s be r(-9). Suppose s*v = v. Let n(m) = -m**3 - m + 70. Calculate the remainder when n(v) is divided by 24.
22
Let d(s) = -27*s**2 + 6*s**2 - 6*s - 10*s - 6*s - 23 - s**3. Calculate the remainder when 31 is divided by d(-20).
14
Suppose -4